{"id":70,"date":"2022-12-14T14:36:03","date_gmt":"2022-12-14T13:36:03","guid":{"rendered":"https:\/\/peteraachen.de\/wordpress\/?page_id=70"},"modified":"2023-01-18T10:45:38","modified_gmt":"2023-01-18T09:45:38","slug":"feste","status":"publish","type":"page","link":"https:\/\/peteraachen.de\/?page_id=70","title":{"rendered":"Feste"},"content":{"rendered":"<p>Neben den religi\u00f6s gepr\u00e4gten Festen trafen sich die Menschen in der Nachkriegszeit auch endlich wieder bei Sch\u00fctzenfesten oder \u2013 in Vogelsang \u2013 beim traditionellen Kappesrollen.<\/p>\r\n<p>&nbsp;<\/p>\r\n<!-- \/wp:post-content -->\r\n\r\n<!-- wp:paragraph {\"align\":\"right\"} -->\r\n<p class=\"has-text-align-right\" style=\"text-align: left;\"><a href=\"https:\/\/peteraachen.de\/?p=324\">Sch\u00fctzenfest Elsdorf 1955<\/a><\/p>\r\n<p style=\"text-align: left;\"><a href=\"https:\/\/peteraachen.de\/?p=46\">Sch\u00fctzenfest Elsdorf, vermutlich 60er Jahre<\/a><\/p>\r\n<p><a href=\"https:\/\/peteraachen.de\/?p=54\">Sch\u00fctzenfest Vogelsang 1953<\/a><\/p>\r\n<p><a href=\"https:\/\/peteraachen.de\/?p=36\">Karneval<\/a><\/p>\r\n<p><a href=\"https:\/\/peteraachen.de\/?p=38\">Kappesrollen<\/a><\/p>","protected":false},"excerpt":{"rendered":"<p>Neben den religi\u00f6s gepr\u00e4gten Festen trafen sich die Menschen in der Nachkriegszeit auch endlich wieder bei Sch\u00fctzenfesten oder \u2013 in Vogelsang \u2013 beim traditionellen Kappesrollen. &nbsp; Sch\u00fctzenfest Elsdorf 1955 Sch\u00fctzenfest Elsdorf, vermutlich 60er Jahre Sch\u00fctzenfest Vogelsang 1953 Karneval Kappesrollen<\/p>\n","protected":false},"author":6,"featured_media":0,"parent":0,"menu_order":0,"comment_status":"closed","ping_status":"closed","template":"","meta":{"footnotes":""},"class_list":["post-70","page","type-page","status-publish","hentry"],"_links":{"self":[{"href":"https:\/\/peteraachen.de\/index.php?rest_route=\/wp\/v2\/pages\/70","targetHints":{"allow":["GET"]}}],"collection":[{"href":"https:\/\/peteraachen.de\/index.php?rest_route=\/wp\/v2\/pages"}],"about":[{"href":"https:\/\/peteraachen.de\/index.php?rest_route=\/wp\/v2\/types\/page"}],"author":[{"embeddable":true,"href":"https:\/\/peteraachen.de\/index.php?rest_route=\/wp\/v2\/users\/6"}],"replies":[{"embeddable":true,"href":"https:\/\/peteraachen.de\/index.php?rest_route=%2Fwp%2Fv2%2Fcomments&post=70"}],"version-history":[{"count":9,"href":"https:\/\/peteraachen.de\/index.php?rest_route=\/wp\/v2\/pages\/70\/revisions"}],"predecessor-version":[{"id":572,"href":"https:\/\/peteraachen.de\/index.php?rest_route=\/wp\/v2\/pages\/70\/revisions\/572"}],"wp:attachment":[{"href":"https:\/\/peteraachen.de\/index.php?rest_route=%2Fwp%2Fv2%2Fmedia&parent=70"}],"curies":[{"name":"wp","href":"https:\/\/api.w.org\/{rel}","templated":true}]}}