{"id":61,"date":"2022-12-14T14:13:23","date_gmt":"2022-12-14T13:13:23","guid":{"rendered":"https:\/\/peteraachen.de\/wordpress\/?page_id=61"},"modified":"2023-04-18T20:10:58","modified_gmt":"2023-04-18T18:10:58","slug":"arbeit-mehr","status":"publish","type":"page","link":"https:\/\/peteraachen.de\/?page_id=61","title":{"rendered":"Arbeit &#038; mehr"},"content":{"rendered":"\r\n<p>Sein Leben nicht mehr dem Takt von Bombenangriffen und Flakhelfer-Diensten unterwerfen zu m\u00fcssen, muss ungeheuer befl\u00fcgelnd gewesen sein. Das galt auch dann, wenn K\u00f6ln weitgehend zerst\u00f6rt war.<\/p>\r\n\r\n\r\n\r\n<p>Peter war bei Kriegsende 16 Jahre alt und begann eine kaufm\u00e4nnische Ausbildung. Die Bilder aus den 50er Jahren zeigen ihn bei seiner T\u00e4tigkeit. Auff\u00e4llig ist, wie anders Firmenkultur zu dieser Zeit ausfiel: Es wurde viel und mit dem Schwung der Aufbruchsjahre gearbeitet. Aber die Arbeitskolleginnen und -kollegen feierten auch gemeinsam und hatten kein Problem, auch k\u00f6rperlich auf Tuchf\u00fchlung zu gehen.<\/p>\r\n\r\n\r\n\r\n<p>\u2022 <a href=\"https:\/\/peteraachen.de\/?p=305\">Arbeit und Nikolausfeier bei Firma Demuth 1952<\/a><\/p>\r\n\r\n\r\n\r\n<p>\u2022 <a href=\"https:\/\/peteraachen.de\/?p=28\">Betriebsausflug Firma Weber 1953<\/a><\/p>\r\n<p>\u2022 <a href=\"https:\/\/peteraachen.de\/?p=338\">Betriebsausflug Firma Weber Mai 1954<\/a><\/p>\r\n<p>\u2022 <a href=\"https:\/\/peteraachen.de\/?p=22\">Betriebsausflug Firma Weber Juni 1955<\/a><\/p>\r\n<p>\u2022 <a href=\"https:\/\/peteraachen.de\/?p=342\">Betriebsausflug Firma Weber Juli 1957<\/a><\/p>\r\n<p>\r\n\r\n<\/p>\r\n<p>&nbsp;<\/p>\r\n<p><\/p>","protected":false},"excerpt":{"rendered":"<p>Sein Leben nicht mehr dem Takt von Bombenangriffen und Flakhelfer-Diensten unterwerfen zu m\u00fcssen, muss ungeheuer befl\u00fcgelnd gewesen sein. Das galt auch dann, wenn K\u00f6ln weitgehend zerst\u00f6rt war. Peter war bei Kriegsende 16 Jahre alt und begann eine kaufm\u00e4nnische Ausbildung. Die Bilder aus den 50er Jahren zeigen ihn bei seiner T\u00e4tigkeit. Auff\u00e4llig ist, wie anders Firmenkultur &hellip; <a href=\"https:\/\/peteraachen.de\/?page_id=61\" class=\"more-link\"><span class=\"screen-reader-text\">Arbeit &#038; mehr<\/span> weiterlesen<\/a><\/p>\n","protected":false},"author":6,"featured_media":0,"parent":0,"menu_order":0,"comment_status":"closed","ping_status":"closed","template":"","meta":{"footnotes":""},"class_list":["post-61","page","type-page","status-publish","hentry"],"_links":{"self":[{"href":"https:\/\/peteraachen.de\/index.php?rest_route=\/wp\/v2\/pages\/61","targetHints":{"allow":["GET"]}}],"collection":[{"href":"https:\/\/peteraachen.de\/index.php?rest_route=\/wp\/v2\/pages"}],"about":[{"href":"https:\/\/peteraachen.de\/index.php?rest_route=\/wp\/v2\/types\/page"}],"author":[{"embeddable":true,"href":"https:\/\/peteraachen.de\/index.php?rest_route=\/wp\/v2\/users\/6"}],"replies":[{"embeddable":true,"href":"https:\/\/peteraachen.de\/index.php?rest_route=%2Fwp%2Fv2%2Fcomments&post=61"}],"version-history":[{"count":15,"href":"https:\/\/peteraachen.de\/index.php?rest_route=\/wp\/v2\/pages\/61\/revisions"}],"predecessor-version":[{"id":570,"href":"https:\/\/peteraachen.de\/index.php?rest_route=\/wp\/v2\/pages\/61\/revisions\/570"}],"wp:attachment":[{"href":"https:\/\/peteraachen.de\/index.php?rest_route=%2Fwp%2Fv2%2Fmedia&parent=61"}],"curies":[{"name":"wp","href":"https:\/\/api.w.org\/{rel}","templated":true}]}}